ine n(a).
-4
Let p(u) = 6*u**3 - 6*u**2 + 6*u - 4. Let x(t) = 5*t**3 - 6*t**2 + 5*t - 4. Let y(o) = -4*p(o) + 5*x(o). Calculate y(6).
2
Let r be (12/(-10))/(6/(-15)). Let k(p) = p**2 - 3*p - 2. Calculate k(r).
-2
Let y(t) = t**3 + 5*t**2 - 3*t - 3. Suppose -26 + 66 = -8*k. Determine y(k).
12
Let c(d) = -d**2 - d + 1. Let p = 14 - 11. Give c(p).
-11
Let a = -1 + 3. Let g(m) = 2 + m**3 + 19*m - 15*m + 3*m**a + m**2. Let o = 1 - 4. Give g(o).
-1
Let x(c) = -2*c**2 + c. Let k(j) = -j + 15. Let h be k(12). Let t = h + -2. Let u = -3 + t. Give x(u).
-10
Let o(n) = n**3 - 10*n**2 - 11*n + 6. Let q be o(11). Let k be q/12*2*-7. Let v(l) = l**3 + 7*l**2 - l - 4. Give v(k).
3
Let i be (11 - (1 + 8))*2/240. Let k(w) be the third derivative of 0*w - 4*w**2 - 1/6*w**4 + 0 + 2/3*w**3 - i*w**5. What is k(-4)?
4
Let j be 2 - 2 - -1 - 7. Let s = -9 - -4. Let x = s - j. Let t(k) = -8*k**2 - 2*k + 1. Calculate t(x).
-9
Let q(k) = -2*k**2 + k + 60. Let b be q(-5). Let y(j) = -j**2 + 0 - 7 + 5*j**2 - j**3 + 7*j. Calculate y(b).
3
Let b(o) = -5*o. Let w be 2 + 1/2*4. Let r = w + -5. Determine b(r).
5
Let l(n) = -n + 1. Let z = 109 + -118. Calculate l(z).
10
Suppose 2*m = -q - 2*m + 11, 3*m = 4*q - 6. Let o(j) = -23 - 8*j + q*j + 26 - j**2. Give o(-5).
3
Let g = 7 - 10. Let j(x) = 3*x**3 - 2*x. Let t(h) = -2*h**3 + h**2 + 2*h - 1. Let n(k) = -3*j(k) - 4*t(k). What is n(g)?
1
Suppose 0 = -7*y - 10 + 31. Let m(h) = -h**2 + h - 1. What is m(y)?
-7
Let c(f) be the second derivative of -3*f + 3/2*f**2 + 0 - 2/3*f**3 - 1/12*f**4. Suppose 3*g - 2*v = -0*v - 15, 2*g + 3*v - 3 = 0. Determine c(g).
6
Let s(r) = -5*r**2 + 2*r - 2. Let i(c) = 9*c**2 - 3*c + 4. Let w(m) = -3*i(m) - 5*s(m). What is w(-2)?
-8
Let i(g) be the third derivative of -g**5/120 + 5*g**3/6 + 4*g**2. Let o(r) be the first derivative of i(r). Determine o(1).
-1
Let d be (-3)/(-6)*-2 - -5. Suppose u + d*c = -0 + 9, 3*u - 4*c + 37 = 0. Let z = u - -4. Let y(h) = -h**3 - 4*h**2 - 3*h + 2. Calculate y(z).
2
Let s(v) be the second derivative of -v**5/120 - v**4/6 + v**3/2 + 3*v. Let z(l) be the second derivative of s(l). Suppose 0 = 5*x - 17 - 3. Calculate z(x).
-8
Suppose -12 = -5*j - 2*y, 2 = 3*j + y - 5. Let f(w) be the first derivative of -1/4*w**4 + 7*w + j*w**3 - 3*w**2 - 3. Determine f(5).
2
Let a(s) = s**2 + 3*s + 1. Let t(d) = -2*d**2 + 2*d + 1. Suppose 4*u + h = -2, 0 = -2*u + 3*h - 6 - 2. Let l be t(u). Calculate a(l).
1
Let y be -3*(-1 - (-4 + 2)). Let d be (-6)/(-4)*(-4)/y. Let k(x) = -3 - 7*x**2 - d + 4. Determine k(1).
-8
Let r(w) = -w. Let h(f) = f - 7. Let v be -1*(-8 - (-2 - -1)). Let j be h(v). What is r(j)?
0
Let w be (1/2)/(6/72). Suppose 4*j = -2*b + 6, -3*j = -0*j + b - w. Let z(t) = t. Give z(j).
3
Let u(a) = -6*a**3 - 2*a - 1. Suppose 3*s + s = 2*f + 8, -4*s - 5*f + 22 = 0. Suppose 8 = -5*b + s. Calculate u(b).
7
Let j = -4 + 7. Let r(i) = 5*i - i**2 - 2 - 4*i - j + 2. What is r(-3)?
-15
Let w(s) = -7*s**3 + 6*s**2 + 6. Let r(z) = -6*z**3 + 5*z**2 + 6. Let x(d) = 6*r(d) - 5*w(d). Calculate x(0).
6
Let v = 12 + 11. Suppose -1 - v = -4*p. Let o(b) = -b + 8. Give o(p).
2
Suppose -j + 2*r + 4 = 0, -2*j = -r - r - 12. Let t(s) = 0*s + 3*s - 2 - j*s + 4*s. Give t(4).
-6
Let i be (-1)/2 + (-7)/(-2). Let s = -3 + i. Let v(p) = -p + s*p + 7 + 2*p. What is v(-5)?
2
Let s(j) = 5*j**3 + j**2. Let w = 7 + -6. What is s(w)?
6
Let z(r) be the second derivative of r**6/360 + r**5/40 - r**4/24 + 5*r**3/6 + 2*r. Let t(m) be the second derivative of z(m). Determine t(-3).
-1
Let m(y) = 2 - 4*y**2 - 4*y + 2*y**2 + 7*y**2 - y**3. Suppose 5*f - 2*w - 8 = 0, -3 = -3*f + w + 2*w. Suppose -2*k + 16 = f*k. Give m(k).
2
Let i = -4 + 2. Let p(t) be the first derivative of 2*t**4 + 3*t**3 + 2*t**2 - 1. Let v(h) = -2*h**3 - 2*h**2 - h. Let l(z) = i*p(z) - 9*v(z). Give l(-1).
-3
Let n(y) = 2*y**2 - 19*y + 8. Let z(u) = u**2 - 9*u + 4. Let c(d) = -4*n(d) + 9*z(d). Give c(5).
4
Let s(i) = 4*i. Let k(g) = -g**2 - 4*g + 4. Let n be k(-5). Give s(n).
-4
Let z = -2 + 5. Let u(k) be the third derivative of k**6/120 - k**5/30 - k**4/12 - 17*k**2. What is u(z)?
3
Let i(t) = -2*t**3 - 7*t**2 + 5*t + 5. Let f(y) = 3*y**3 + 13*y**2 - 9*y - 9. Let a(l) = -3*f(l) - 5*i(l). Give a(3).
-1
Let v(q) = -8 - 3*q - 9 + 7*q + 13. Give v(4).
12
Let l be (5/3)/((-40)/(-48)). Let t(m) = 2*m**2 - 4*m + 3. Determine t(l).
3
Let j(y) = y**2 + 6*y - 9. Let i = -67 + 60. What is j(i)?
-2
Let j(t) = -4*t - 4. Let o(f) = 3*f + 3. Let c(m) = -4*j(m) - 5*o(m). Calculate c(9).
10
Suppose 7 = -z + 4*u, -2*z + 2*u = -1 - 3. Let c(l) = l**2 - 2*l - 6. What is c(z)?
9
Let n(q) = -q**2 + 9*q - 9. Let k(x) = -4*x**2 + 28*x - 28. Let c(f) = 2*k(f) - 7*n(f). Calculate c(-8).
-1
Let x(w) = -w**3 + 2*w**2 + 3*w - 4. Suppose 0 + 15 = 5*k. Give x(k).
-4
Let r(i) = 4*i + i + i - 12 + i. Let u = -2 - -1. Let z(l) = l - 1. Let h(v) = u*r(v) + 5*z(v). Determine h(5).
-3
Let w(c) = -2*c**3 - 7*c**2 - 19*c + 5. Let k(s) = s**3 + 4*s**2 + 9*s - 3. Let v(x) = -7*k(x) - 3*w(x). Determine v(-6).
6
Let u(c) = -c + 1. Let r(g) = -7*g**3 + g**2 + g + 1. Let f be r(-1). Let o = -5 + f. Let d(t) = -4*t + 4. Let z(n) = o*u(n) - d(n). Calculate z(0).
-1
Let v(n) be the second derivative of 5*n**4/12 - n**3/6 - 11*n. What is v(1)?
4
Let f(x) = -x**3 - 2*x**2 + 2*x - 4. Let s(y) = y**3 + 5*y**2 - 5*y + 9. Let q(p) = -7*f(p) - 3*s(p). Determine q(-1).
-5
Let w = 6 - 2. Suppose 4*h - 3*a + w = 0, 19 = -h + 5*a + 1. Let o(d) = 1 - 6*d + 0*d + 4*d. What is o(h)?
-3
Let y(p) be the second derivative of -p**4/12 - 7*p**3/6 - 5*p**2 - 6*p. Give y(-7).
-10
Let g be (0 - 0)/(-2) + 2. Let y(z) = -z**3 - 3*z + 4 + 0*z**3 - 2*z + 0 + 5*z**g. Calculate y(3).
7
Let v(i) be the third derivative of i**5/60 + i**4/12 - i**3/3 - 13*i**2. Calculate v(-3).
1
Let l(t) = t**2 - 5*t + 8. Let q be l(4). Let i(v) = -v**2 + 4*v - 1. What is i(q)?
-1
Suppose 2 = q - 3. Suppose -3*p - 4*s - 5 = 0, 5*p + 8*s = 3*s - q. Let l(u) = -6*u**2 + u. Calculate l(p).
-5
Let n(r) = 5*r**3 - 6*r**2 - 3*r. Let x(c) = -6*c**3 + 6*c**2 + 3*c + 1. Let b(o) = 7*n(o) + 6*x(o). Let i(f) = -6*f**2 - f. Let d be i(-1). What is b(d)?
-4
Let n(a) = a - 5. Let g(v) = -1. Let j(y) = -6*g(y) + n(y). Let s(w) = w**3 + 3*w**2 - 2*w + 4. Let x be s(-3). Let m = x - 11. Determine j(m).
0
Let r(l) = -l**2 - 10*l - 6. Suppose 7*w + 80 - 17 = 0. Calculate r(w).
3
Let i(l) = -2*l - 1. Suppose 0 = 3*j - 3, -5*o + j + 0*j = -9. Determine i(o).
-5
Let m(z) = z**3 + 11*z**2 + 6*z + 4. Let a(n) = -n**2 - 1. Suppose -s - 2*s = 6, -s = -l + 6. Let f(u) = l*a(u) + m(u). What is f(-6)?
0
Let m(z) = z**3 - 7*z**2 + 4*z + 4. Suppose i + 0*i = 5*g - 28, -4*g + 3*i = -18. Give m(g).
-8
Let x(f) = 22*f**3 - 2*f**2 + f. Suppose 3*g - 5*y + 7 - 20 = 0, g - 3*y - 7 = 0. Give x(g).
21
Let d(x) be the second derivative of x**4/12 + 7*x**3/6 + 3*x**2 + 7*x. Give d(-6).
0
Suppose 1 = -3*r + 7. Suppose -r*b = 3*o - 4 - 5, 4 = 4*o. Let w(y) = -y + 2. Let s be w(b). Let g(h) = 4*h**2 + 2*h + 1. What is g(s)?
3
Suppose -4*p = -2*p - 8. Let n(v) be the first derivative of v**3/3 - 3*v**2/2 + 4*v - 3. Give n(p).
8
Let l(x) = -2*x - 15. Let d(t) = t + 7. Suppose 5*s - 39 = 4*p, -2*p + 0 - 2 = 0. Let h(r) = s*d(r) + 3*l(r). Calculate h(-5).
-1
Let v(n) = n**2 - 6*n - 10. Let z = -142 + 149. Give v(z).
-3
Let z = -2 - -5. Let k(c) = 0*c + c**2 + 2*c - z*c - 2*c**3. Let p(x) = x**2 + 4*x - 4. Let a be p(-5). Give k(a).
-2
Let a(z) be the third derivative of z**6/120 - z**5/20 + z**4/12 + z**3/6 - 4*z**2. What is a(2)?
1
Let j(w) = -12*w**3 + w**2 + w + 1. Let t(s) = s**3 + 8*s**2 + 8*s + 6. Let g be (-3)/((-1)/1) - 10. Let b be t(g). Give j(b).
13
Let s(x) be the second derivative of 2/3*x**3 + 3*x + 3/2*x**2 + 0. Give s(-3).
-9
Let t be -5 + 0 + (2 - 7). Let w(d) = d**3 + 11*d**2 + 9*d - 7. Calculate w(t).
3
Let y(v) = v**3 + 4*v**2 + 3*v + 2. Let p be y(-3). Let n(k) = -k + 7 + 3*k**p - 4*k - 3 - 4*k**2. Calculate n(-5).
4
Let v(x) = -x**2 + 3*x - 4. Let w(k) = -3*k**3 + 2*k**2 + 2*k + 1. Let n be w(-1). Determine v(n).
-8
Let y(h) = -12*h**2 + 1. Suppose -5*m + 5*b = -20, 0 = 2*b + b + 3. Let j be (2 - -4)*(-1 + (-10)/(-15)). Let a = m + j. What is y(a)?
-11
Let q(a) = -a**2 + 3. Let n(c) = -c**2 - 3*c + 2. Let g be n(-4). Let i be ((1*-8)/2)/g. Suppose i*x - x = 0.